s 8892 a multiple of 36?
True
Does 52 divide 6344?
True
Is 67 a multiple of 18?
False
Is 199 a factor of 82784?
True
Is 30345 a multiple of 17?
True
Is 30633 a multiple of 261?
False
Does 21 divide 42?
True
Is 17 a factor of 491?
False
Is 13265 a multiple of 37?
False
Is 1430 a multiple of 130?
True
Is 37 a factor of 148?
True
Is 261 a multiple of 7?
False
Is 123 a factor of 1968?
True
Is 79 a factor of 60672?
True
Is 44 a factor of 785?
False
Is 7 a factor of 36120?
True
Is 9108 a multiple of 16?
False
Does 24 divide 276?
False
Is 22 a factor of 85121?
False
Is 588 a multiple of 147?
True
Does 57 divide 1491?
False
Is 5 a factor of 7475?
True
Is 248 a factor of 16340?
False
Is 5 a factor of 1039?
False
Is 27500 a multiple of 10?
True
Is 7980 a multiple of 12?
True
Is 98 a factor of 1205?
False
Does 26 divide 780?
True
Is 3728 a multiple of 16?
True
Is 25976 a multiple of 191?
True
Is 19125 a multiple of 153?
True
Is 43 a factor of 5794?
False
Does 65 divide 1625?
True
Does 62 divide 868?
True
Is 1443 a multiple of 13?
True
Is 22269 a multiple of 13?
True
Is 14 a factor of 15792?
True
Does 24 divide 3312?
True
Is 701 a multiple of 4?
False
Does 260 divide 58760?
True
Does 41 divide 846?
False
Is 47 a multiple of 18?
False
Is 90 a factor of 12150?
True
Is 120 a multiple of 22?
False
Does 13 divide 273?
True
Is 973 a multiple of 9?
False
Is 29899 a multiple of 44?
False
Is 2900 a multiple of 29?
True
Is 20 a factor of 3060?
True
Is 134654 a multiple of 179?
False
Does 12 divide 1200?
True
Does 5 divide 6445?
True
Is 13 a factor of 8970?
True
Does 22 divide 3398?
False
Does 32 divide 4336?
False
Is 72 a multiple of 4?
True
Does 19 divide 2810?
False
Is 6 a factor of 3060?
True
Is 3036 a multiple of 66?
True
Is 379 a multiple of 8?
False
Does 9 divide 5987?
False
Does 5 divide 43?
False
Is 201 a factor of 44622?
True
Does 22 divide 66?
True
Is 24 a factor of 1761?
False
Does 2 divide 325?
False
Is 88 a multiple of 8?
True
Is 22936 a multiple of 7?
False
Is 12 a factor of 720?
True
Is 66 a factor of 3102?
True
Does 19 divide 785?
False
Is 906 a multiple of 3?
True
Is 11076 a multiple of 39?
True
Is 16412 a multiple of 22?
True
Is 4964 a multiple of 97?
False
Is 10 a factor of 18880?
True
Does 22 divide 198?
True
Is 7761 a multiple of 39?
True
Does 11 divide 16389?
False
Is 15 a factor of 605?
False
Does 22 divide 220?
True
Is 27 a factor of 4225?
False
Is 582 a multiple of 29?
False
Does 54 divide 108?
True
Is 2900 a multiple of 50?
True
Is 3006 a multiple of 167?
True
Is 11 a factor of 12709?
False
Is 5906 a multiple of 8?
False
Is 5591 a multiple of 3?
False
Is 16623 a multiple of 58?
False
Is 15598 a multiple of 15?
False
Does 38 divide 607?
False
Is 1651 a multiple of 6?
False
Is 720 a multiple of 20?
True
Does 19 divide 38582?
False
Is 24 a factor of 5559?
False
Is 22500 a multiple of 225?
True
Does 7 divide 672?
True
Does 91 divide 2368?
False
Does 8 divide 160?
True
Is 2 a factor of 69?
False
Is 8 a factor of 384?
True
Is 44 a factor of 26532?
True
Is 43 a factor of 11356?
False
Is 4 a factor of 68?
True
Is 9389 a multiple of 229?
True
Is 18 a factor of 5598?
True
Is 19 a factor of 1083?
True
Does 15 divide 46110?
True
Is 54 a factor of 18252?
True
Does 66 divide 1081?
False
Is 2100 a multiple of 15?
True
Does 15 divide 3322?
False
Is 14 a factor of 1148?
True
Is 361 a factor of 66817?
False
Does 39 divide 10257?
True
Is 149 a factor of 1192?
True
Is 8915 a multiple of 35?
False
Is 31 a factor of 279?
True
Does 42 divide 168?
True
Does 177 divide 92040?
True
Is 2210 a multiple of 34?
True
Is 6 a factor of 5586?
True
Is 20107 a multiple of 6?
False
Does 3 divide 929?
False
Does 27 divide 6759?
False
Is 53 a factor of 1162?
False
Is 2 a factor of 198?
True
Is 391 a multiple of 4?
False
Is 2497 a multiple of 13?
False
Does 9 divide 219?
False
Does 10 divide 26?
False
Is 247 a multiple of 13?
True
Is 24 a factor of 36840?
True
Is 7 a factor of 266?
True
Is 67 a multiple of 6?
False
Does 19 divide 705?
False
Is 1182 a multiple of 33?
False
Is 51 a factor of 1224?
True
Is 98 a factor of 4312?
True
Does 7 divide 2212?
True
Is 1107 a multiple of 5?
False
Does 95 divide 21185?
True
Is 2752 a multiple of 64?
True
Does 21 divide 1953?
True
Does 81 divide 6804?
True
Is 133 a multiple of 19?
True
Does 9 divide 54?
True
Is 89517 a multiple of 197?
False
Does 6 divide 6221?
False
Is 3 a factor of 126?
True
Is 5340 a multiple of 60?
True
Is 345 a multiple of 2?
False
Does 5 divide 2945?
True
Is 225 a factor of 19575?
True
Is 10 a factor of 11183?
False
Is 40 a factor of 9520?
True
Does 18 divide 5601?
False
Is 65 a factor of 5739?
False
Is 36 a factor of 27828?
True
Is 8 a factor of 464?
True
Is 27692 a multiple of 172?
True
Is 35 a multiple of 5?
True
Is 29 a factor of 11571?
True
Is 840 a multiple of 28?
True
Is 84 a factor of 10920?
True
Is 204 a multiple of 4?
True
Is 2972 a multiple of 50?
False
Is 1290 a multiple of 10?
True
Is 50 a multiple of 25?
True
Is 1328 a multiple of 189?
False
Does 39 divide 936?
True
Is 553 a multiple of 4?
False
Is 1690 a multiple of 24?
False
Is 3456 a multiple of 27?
True
Is 35 a factor of 1161?
False
Is 915 a multiple of 71?
False
Is 9 a factor of 3285?
True
Is 15 a factor of 28074?
False
Is 24 a factor of 17304?
True
Is 2 a factor of 8?
True
Does 27 divide 7533?
True
Is 2367 a multiple of 11?
False
Does 117 divide 11035?
False
Is 9 a factor of 2281?
False
Is 165 a factor of 33487?
False
Does 75 divide 13125?
True
Is 9 a factor of 2151?
True
Is 14 a factor of 179?
False
Is 95186 a multiple of 66?
False
Is 240 a multiple of 24?
True
Does 40 divide 2280?
True
Does 9 divide 6309?
True
Is 502 a multiple of 46?
False
Is 35 a factor of 1024?
False
Does 44 divide 4121?
False
Is 4136 a multiple of 41?
False
Is 72 a factor of 3147?
False
Is 635 a multiple of 29?
False
Is 48964 a multiple of 90?
False
Is 28938 a multiple of 26?
True
Does 18 divide 218?
False
Is 10 a factor of 197?
False
Is 363 a multiple of 3?
True
Is 589 a multiple of 56?
False
Is 4840 a multiple of 41?
False
Is 37 a factor of 996?
False
Is 6 a factor of 192?
True
Does 34 divide 510?
True
Is 843 a multiple of 51?
False
Does 80 divide 31200?
True
Does 65 divide 3185?
True
Is 5 a factor of 132?
False
Does 34 divide 10370?
True
Is 640 a multiple of 20?
True
Does 12 divide 166?
False
Is 23 a factor of 918?
False
Is 24 a multiple of 7?
False
Is 285 a multiple of 19?
True
Is 296 a multiple of 37?
True
Is 2005 a multiple of 108?
False
Is 104720 a multiple of 170?
True
Is 2811 a multiple of 23?
False
Is 3660 a multiple of 60?
True
Is 62 a factor of 66473?
False
Is 5415 a multiple of 18?
False
Is 2 a factor of 1279?
False
Does 5 divide 455?
True
Is 104702 a multiple of 26?
True
Is 1927 a multiple of 10?
False
Does 50 divide 150?
True
Does 4 divide 238?
False
Is 8 a factor of 8632?
True
Does 18 divide 2988?
True
Does 32 divide 4096?
True
Is 3528 a multiple of 28?
True
Is 26 a factor of 6188?
True
Is 193 a multiple of 10?
False
Is 79 a factor of 101673?
True
Does 26 divide 2028?
True
Is 7 a factor of 108?
False
Is 19 a factor of 4085?
True
Is 134 a factor of 6789?
False
Is 27 a factor of 782?
False
Does 6 divide 2445?
False
Is 1042 a multiple of 14?
False
Does 4 divide 1945?
False
Is 11482 a multiple of 65?
False
Does 154 divide 12936?
True
Is 1294 a multiple of 6?
False
Does 33 divide 9522?
False
Is 14 a factor of 899?
False
Is 858 a multiple of 26?
True
Is 13 a factor of 3003?
True
Does 238 divide 78540?
True
Is 11 a factor of 351?
False
Is 16 a factor of 608?
True
Does 8 divide 87494?
False
Is 2 a factor of 33?
False
Does 9 divide 5949?
True
Does 85 divide 7140?
True
Is 2107 a multiple of 14?
False
Is 21112 a multiple of 232?
True
Does 20 divide 4560?
True
Does 6 divide 79?
False
Is 11 a factor of 8316?
True
Is 66 a factor of 1452?
True
Is 7948 a multiple of 74?
False
Is 146 a factor of 26134?
True
Is 438 a multiple of 19?
False
Is 1377 a multiple of 29?
False
Is 63 a factor of 5292?
True
Is 5569 a multiple of 28?
False
Is 1171 a multiple of 57?
False
Is 9650 a multiple of 50?
True
Is 148 a factor of 7738?
False
Does 13 divide 199?
False
Is 5750 a multiple of 9?
False
Is 4054 a multiple of 14?
False
Does 36 divide 6264?
True
Is 1111 a multiple of 101?
True
Is 111 a 